100101010 (base 2) in base 9?
-61164
1220110 (base 3) to base 14
713
-22356 (base 7) to base 12
-3350
What is 452a (base 15) in base 4?
3211021
45411 (base 8) to base 5
1103314
What is 12111121 (base 3) in base 16?
fac
What is -329 (base 12) in base 8?
-721
Convert 65a (base 11) to base 7.
2210
Convert -2684 (base 9) to base 16.
-7e4
6abb (base 12) to base 11
8a85
1d05 (base 16) to base 2
1110100000101
-963 (base 10) to base 5
-12323
What is -24313 (base 5) in base 4?
-130221
3d9 (base 15) to base 11
72a
4d23 (base 14) to base 12
7a17
Convert -1201020001 (base 3) to base 16.
-83a1
31 (base 6) to base 10
19
-210000 (base 3) to base 6
-2343
Convert 11223 (base 6) to base 8.
3077
Convert 12235 (base 6) to base 5.
24243
What is 186b (base 14) in base 12?
2673
Convert -754 (base 13) to base 4.
-103210
What is -607 (base 10) in base 12?
-427
Convert 10114 (base 5) to base 10.
659
Convert -656 (base 10) to base 5.
-10111
What is 103000 (base 5) in base 15?
1085
Convert 15587 (base 13) to base 7.
226040
Convert 102201 (base 3) to base 10.
316
Convert 1253 (base 7) to base 5.
3404
244 (base 16) to base 6
2404
What is -23153 (base 6) in base 5?
-101214
43430 (base 5) to base 3
11002202
What is -1038 (base 11) in base 10?
-1372
-991 (base 12) to base 13
-841
What is -50 (base 9) in base 6?
-113
c0 (base 15) to base 3
20200
-7264 (base 11) to base 6
-112325
331404 (base 5) to base 6
125051
18003 (base 10) to base 6
215203
-2440 (base 12) to base 14
-16b6
421 (base 12) to base 2
1001011001
Convert 155 (base 14) to base 11.
227
Convert 7222 (base 8) to base 15.
118a
2097 (base 12) to base 14
1431
Convert -156224 (base 7) to base 11.
-2130a
What is -2a7 (base 11) in base 15?
-18e
-1731 (base 9) to base 8
-2454
Convert -100111111 (base 2) to base 12.
-227
What is -1dc (base 14) in base 12?
-286
3556 (base 7) to base 6
10031
c775 (base 16) to base 6
1032221
What is 30122110 (base 4) in base 6?
1031204
What is -1480 (base 9) in base 3?
-1112200
-24666 (base 7) to base 14
-2536
-12014 (base 5) to base 10
-884
200011 (base 3) to base 11
406
110310 (base 4) to base 10
1332
Convert 331 (base 11) to base 16.
18d
6 (base 16) to base 2
110
-430 (base 12) to base 5
-4422
1033101 (base 5) to base 11
124a4
What is -42403 (base 9) in base 12?
-14279
What is 10263 (base 7) in base 3?
10111020
What is 12c1 (base 13) in base 2?
101010000100
140310 (base 6) to base 5
404244
What is 10101000110 (base 2) in base 16?
546
Convert 1111 (base 4) to base 13.
67
What is 303444 (base 5) in base 6?
113414
What is b128 (base 14) in base 13?
10ac9
-2179 (base 12) to base 2
-111001101101
What is 10001010 (base 2) in base 4?
2022
-30030 (base 5) to base 15
-860
What is 65c4 (base 13) in base 5?
423222
Convert 336 (base 10) to base 13.
1cb
What is 654 (base 7) in base 4?
11031
What is 10452 (base 6) in base 13?
893
What is -3271 (base 14) in base 7?
-34301
What is -31032 (base 4) in base 12?
-5a6
-21133031 (base 4) to base 2
-1001011111001101
Convert -302310 (base 5) to base 16.
-25e9
What is 70129 (base 10) in base 3?
10120012101
What is 3122323 (base 4) in base 13?
64ba
What is -347 (base 11) in base 16?
-19e
Convert -13101300 (base 4) to base 9.
-44800
Convert -42530 (base 6) to base 16.
-16b6
Convert -1201101 (base 3) to base 4.
-103210
What is a1 (base 16) in base 12?
115
Convert -8a02 (base 13) to base 6.
-225112
573 (base 11) to base 8
1255
-1353 (base 8) to base 7
-2115
-7a8 (base 15) to base 13
-a34
Convert -55037 (base 9) to base 4.
-20322010
Convert -12131 (base 11) to base 12.
-a12a
What is -21a14 (base 11) in base 5?
-2004323
1489 (base 12) to base 9
3266
140543 (base 6) to base 7
53250
What is 101100111 (base 2) in base 9?
438
101100100010111 (base 2) to base 6
253331
-104000 (base 6) to base 8
-20700
What is 12553 (base 7) in base 15?
eea
-169 (base 13) to base 3
-100111
What is 6033 (base 8) in base 13?
1545
-23641 (base 7) to base 10
-6154
Convert -242 (base 8) to base 14.
-b8
a92 (base 14) to base 12
1260
676 (base 11) to base 7
2234
Convert 3d8a (base 14) to base 5.
322102
-877 (base 11) to base 4
-100130
-16515 (base 8) to base 7
-30604
1332330 (base 4) to base 3
102010220
435 (base 10) to base 12
303
2102211101 (base 3) to base 15
e344
Convert 1525 (base 10) to base 2.
10111110101
What is 20344 (base 5) in base 9?
1758
2036 (base 9) to base 15
696
Convert 232536 (base 7) to base 3.
2010022020
What is -11502 (base 8) in base 10?
-4930
What is -1111101001 (base 2) in base 5?
-13001
What is -248 (base 9) in base 14?
-10a
-11331 (base 4) to base 15
-1a6
What is 431 (base 11) in base 8?
1006
What is 6163 (base 9) in base 5?
121022
What is -21630 (base 7) in base 16?
-1554
What is -10100001001 (base 2) in base 15?
-5ae
Convert 14671 (base 9) to base 11.
7596
What is -154 (base 13) in base 7?
-460
-193a (base 11) to base 16
-99f
100001110000 (base 2) to base 11
1694
What is -23143 (base 5) in base 16?
-689
What is -147b (base 13) in base 8?
-5637
Convert 1c (base 14) to base 10.
26
What is -4501 (base 9) in base 12?
-1b0a
Convert 1236 (base 9) to base 11.
770
210102212 (base 3) to base 4
3310031
Convert 3a (base 14) to base 10.
52
-354 (base 14) to base 7
-1634
Convert -9 (base 11) to base 6.
-13
What is -2667 (base 8) in base 3?
-2000012
What is -23751 (base 8) in base 6?
-115145
What is 3c0c (base 14) in base 4?
2211210
Convert -55c2 (base 14) to base 10.
-14870
What is -12221221 (base 3) in base 4?
-1003321
Convert -100111100 (base 2) to base 10.
-316
What is 301e (base 16) in base 14?
46bc
What is -510 (base 7) in base 5?
-2002
What is -13134 (base 5) in base 4?
-100110
What is -11101222 (base 3) in base 12?
-1a38
Convert 123223 (base 4) to base 14.
907
Convert -2500 (base 10) to base 14.
-ca8
-7050 (base 12) to base 15
-3906
Convert -11288 (base 13) to base 15.
-93a8
Convert -16e (base 16) to base 5.
-2431
2298 (base 12) to base 10
3860
What is -45242 (base 7) in base 15?
-35d2
Convert 1100001010 (base 2) to base 14.
3d8
What is -3146 (base 12) in base 4?
-1110012
What is -9900 (base 10) in base 7?
-40602
What is -45442 (base 9) in base 14?
-b04b
-34122 (base 5) to base 2
-100101101100
3311 (base 5) to base 16
1c8
Convert 3805 (base 9) to base 8.
5430
What is 10101110110 (base 2) in base 4?
111312
-685 (base 15) to base 6
-10455
What is 3325 (base 7) in base 15?
54a
Convert -13725 (base 8) to base 9.
-8328
-763 (base 12) to base 16
-43b
What is 2331 (base 9) in base 11?
1332
-12be (base 15) to base 8
-7644
Convert 4200 (base 7) to base 16.
5be
Convert -5111 (base 6) to base 13.
-685
-1002022 (base 3) to base 7
-2210
-3301 (base 12) to base 2
-1010111110001
Convert 3a27 (base 16) to base 5.
434022
647 (base 8) to base 5
3143
What is -153134 (base 6) in base 10?
-14962
What is -1011101101 (base 2) in base 5?
-10444
451132 (base 6) to base 12
19aa8
16380 (base 9) to base 15
3500
What is -1111000 (base 2) in base 16?
-78
Convert 253 (base 13) to base 2.
110010110
What is -558 (base 10) in base 15?
-273
Convert -958 (base 14) to base 11.
-1425
Convert -23221 (base 7) to base 8.
-13470
What is -20626 (base 12) in base 15?
-c846
4128 (base 10) to base 16
1020
Convert 303543 (base 6) to base 7.
130335
10010000000011 (base 2) to base 15
2ae9
-10232232 (base 4) to base 6
-225410
Convert 21130 (base 4) to base 2.
1001011100
Convert 32102 (base 4) to base 13.
554
13565 (base 8) to base 9
8212
-d5 (base 15) to base 16
-c8
-30030 (base 4) to base 15
-370
What is -3316 (base 7) in base 6?
-5301
Convert -10a (base 13) to base 12.
-12b
1023 (base 7) to base 12
260
What is 16700 (base 15) in base 4?
101230002
-111110110001011 (base 2) to base 11
-22168
What is -121110 (base 4) in base 16?
-654
What is 12022323 (base 4) in base 11?
17a98
Convert 1232322 (base 4) to base 15.
2183
-1ca (base 16) to base 4
-13022
What is -62301 (base 7) in base 8?
-35610
-2db (base 14) to base 16
-249
What is 122523 (base 7) in base 15?
6a3c
What is -4103 (base 9) in base 7?
-11514
-113200 (base 4) to base 11
-1148
1210 (base 4) to base 13
79
Convert -1214142 (base 5) to base 11.
-16352
Convert 9ae (base 15) to base 4.
202031
-4477 (base 11) to base 4
-1130010
Convert 10010110 (base 2) to base 15.
a0
Convert 37a (base 15) to base 11.
659
What is 40d (base 14) in base 11?
665
-1001111100111 (base 2) to bas